= f + 3*f + 40, y - f = -4. Let b be 2 + 96/(-4) + 2. Let w = y - b. What is the remainder when w is divided by 8?
5
Suppose 3*y + 5*p - 29 = 0, 2*p + 64 = 4*y - y. Let m = y + 84. Calculate the remainder when m is divided by ((-2 - 1) + -1)*26/(-4).
24
Suppose -6*x - 4*j = -x - 2796, 1683 = 3*x - 3*j. Calculate the remainder when x/25*(-15)/(-6) is divided by (-29)/4*(-3 - 1).
27
What is the remainder when 37 is divided by (-13 - 0)/(-6 + 5)?
11
Let w(k) = 8*k**3 + 42*k**2 - 5*k - 7. Calculate the remainder when w(-5) is divided by 33.
2
Let j = -37 - -52. Let t = 19 - j. What is the remainder when t is divided by 2?
0
Calculate the remainder when (-7 - 12*-2)/((-3)/(-6)) is divided by 12.
10
Suppose 16 = g - 5*g. Let a(f) = f**2 + 6*f - 10. Let x(m) = 2*m**2 + 13*m - 19. Let d(q) = g*x(q) + 7*a(q). What is the remainder when d(-10) is divided by 4?
2
Let s(f) = 22*f - 49. Calculate the remainder when s(24) is divided by 5.
4
Suppose 2*k - 232 = -6*k. Let h = k - 28. What is the remainder when 1 is divided by h?
0
Let j = 17 + 26. Let d = j + 1. What is the remainder when 218 is divided by d?
42
Suppose -6*v + v - 105 = 0. Suppose 58*a - 1476 = -24*a. Let l = a - v. Calculate the remainder when l is divided by 21.
18
Suppose y - b = 12, -3*y - 5*b = -2*y. What is the remainder when 36 is divided by y?
6
Suppose 0*f - 5*f = n + 18, -4*f = 5*n + 27. Let d = 7 + f. Let y(v) = 3*v + 7. Calculate the remainder when 74 is divided by y(d).
17
Let m = 535 + -353. Calculate the remainder when m is divided by 23.
21
Let g = 128 - 41. Let b(n) be the third derivative of -n**5/60 - n**4/3 + n**3 - 28*n**2. What is the remainder when g is divided by b(-4)?
21
Let q(k) = -k**3 - k**2 + 1. Let j(i) = 5*i**3 + 4*i - 21. Let c(m) = j(m) + 6*q(m). Calculate the remainder when c(-7) is divided by (-2)/((-24)/9)*4.
0
Let o = 13 + -8. Suppose 2*g - o*q = 12, 5*q - 4*q - 46 = -4*g. Calculate the remainder when -10*(-2 + 0)*1 is divided by g.
9
Suppose 8*x - 1408 = -14*x. Let l(y) be the first derivative of 4*y**3/3 + y**2 - 3*y + 2. Calculate the remainder when x is divided by l(2).
13
Let w(b) = -3*b**2 + 28*b - 37. Calculate the remainder when w(6) is divided by 16.
7
Let m(i) = i**3 - 5*i**2 + 2*i + 15. Calculate the remainder when 399 is divided by m(5).
24
Calculate the remainder when (3 + (-17)/6)/((-4)/(-1032)) is divided by 25.
18
Let r = 3200 - 2713. What is the remainder when r is divided by 84?
67
Suppose -4*s - 5*p + 78 = 0, -3*s + 64 = -0*s + p. What is the remainder when 87 is divided by s?
21
Let t(h) = h**2 - 9*h + 10. Suppose -r + 7 = 2*q, 6*q - 5*q - r = 2. What is the remainder when t(9) is divided by q?
1
Suppose 4*k + 3*l = 404, 47 = k + 5*l - 37. Let w be 2/6*3 + k. Suppose w + 7 = 4*m. Calculate the remainder when m is divided by 15.
13
Calculate the remainder when 34 is divided by 4/8*(6 - -12).
7
Let t(b) = b**2 + b + 1. Let v be t(-2). Suppose 5*i = v*i + 106. Let f(y) = -y + 5. What is the remainder when i is divided by f(-9)?
11
Let p(r) = 7*r + 1. Let g(f) = 124*f - 282. Calculate the remainder when g(4) is divided by p(6).
42
Let c = 302 - 251. What is the remainder when c is divided by 20?
11
Calculate the remainder when (-58)/(-1) + (-71 - -68) is divided by 6.
1
Let c(x) = -6*x**2 + 5*x + 2. Let h(u) = -u**2 + u + 1. Let p(l) = -c(l) + 4*h(l). What is the remainder when 3 is divided by p(1)?
0
Suppose -3*h = -0*h. Suppose 3*r = -h + 12. Suppose -r*j - 130 = -5*u, -j - 42 = -u + 3*j. What is the remainder when u is divided by 8?
6
Let s be (2/3)/((-6)/(-162)). Suppose -s = k - 3*k. Calculate the remainder when 16 is divided by k.
7
Let s(a) = a + 3. Let b be s(8). Suppose 118 = u + b. What is the remainder when u is divided by 18?
17
Let q = -122 + 154. Calculate the remainder when q is divided by 12.
8
Let i be 2/7 - (-477)/21. Suppose -3*u = 4*o - i, 0*o - 2*o = -3*u + 47. What is the remainder when u is divided by 30/7 + (-2)/7?
1
Let q = 0 - -22. Suppose -2*m = -5*m + 36. Calculate the remainder when q is divided by m.
10
Let o = -9 + 33. Suppose -214 = -5*h - o. Calculate the remainder when h is divided by 13.
12
Let j(k) = -6*k**2 - 64*k - 18. Calculate the remainder when 28 is divided by j(-10).
6
What is the remainder when 17 is divided by 32/12*(-9)/(-2)?
5
Suppose 0 = -4*p + 3*i + 547, -3*p + i + 414 = -2*i. Suppose p = 6*q + q. Calculate the remainder when 74 is divided by q.
17
Let c(t) = -t**3 + 2*t**2 + 3*t + 1. Let u = 62 - 62. Calculate the remainder when 3 is divided by c(u).
0
Let f(g) = 6*g - 5. Let i(s) = s. Let o(k) = -f(k) + 4*i(k). Let b(a) = -a**3 - a**2 + 13*a + 29. Calculate the remainder when o(-5) is divided by b(-3).
7
Let r = -822 + 1001. Calculate the remainder when r is divided by 20.
19
Let n(p) = 3*p - 3. Let d = 4 + -2. Let g be n(d). Suppose 4*f - o - 44 = 0, -2*f = g*f + 2*o - 55. What is the remainder when 21 is divided by f?
10
Let b(m) = m**3 + 4 - 9*m - 7*m**2 - m**2 + 0*m**2. Let q be (-133)/(-15) + (-24)/(-180). What is the remainder when 5 is divided by b(q)?
1
Let d = -204 - -208. Calculate the remainder when 14 is divided by d.
2
Suppose -23*c + 3*a = -20*c - 504, -3*c - 3*a = -528. What is the remainder when c is divided by 26?
16
Suppose 5192 = 26*y + 1526. Calculate the remainder when y is divided by 11.
9
Let l be (-3)/2 - (-33)/6. Suppose 18 = 3*c + 3*j, 5*c - 32 = -0*c - l*j. What is the remainder when 14 is divided by c?
6
Suppose -u + 5*b = -12, u - 2 = 3*b + 6. Let x = 37 + u. What is the remainder when 115 is divided by x?
37
Suppose 0 = -5*o - 2*p + 60, -o - 2*p - 1 + 13 = 0. What is the remainder when 19 is divided by o?
7
What is the remainder when 24/(-28) + (-3)/(-21)*1070 is divided by 34?
16
Suppose -7*a = 2*c - 6*a - 45, -3*a + 15 = 0. Calculate the remainder when 38 is divided by c.
18
Suppose 2*m - 194 = 2*t, 5*m - 2*m - 5*t - 283 = 0. Suppose 4*q - 31 = m. What is the remainder when q is divided by 22?
11
Let o = 2 + 6. Calculate the remainder when (-1)/5 + 408/15 is divided by (30/o)/(1/4).
12
Let i(o) = o**2 - 7*o - 68. Calculate the remainder when i(17) is divided by 52.
50
Let d = 6 - 4. Suppose 4 = -d*a + 3*u + 30, u = 2*a - 22. Suppose 28 = 4*z - 3*c, 5*z - 4*z - c = 8. What is the remainder when a is divided by z?
2
Let y = -17 + 54. Calculate the remainder when 293 is divided by y.
34
Let l = 10 + -3. Suppose 15 = 10*n - l*n. What is the remainder when 39 is divided by n?
4
Let w = -71 - -31. Let b = w - -63. Calculate the remainder when b is divided by 13.
10
Let d(w) = w**2 + 10*w + 1. Let g(u) = -u**2 - 5*u - 10. Let a be g(0). Calculate the remainder when 2 is divided by d(a).
0
Let i = -1571 - -1587. Calculate the remainder when 369 is divided by i.
1
Suppose -4 + 1 = -w. Let o(p) = -10*p - 2. Let s be o(6). Let c = 69 + s. What is the remainder when c is divided by w?
1
Let n = 26 - 6. Calculate the remainder when (6/24)/(4/16) + 34 is divided by n.
15
Let q(r) = -26*r + 142. Calculate the remainder when 707 is divided by q(5).
11
Let l(m) = -5*m**3 - 6*m**2 - 79*m + 10. Calculate the remainder when l(-6) is divided by 27.
25
Let k(s) = s + 6. Let d be ((-6)/15)/(5/(-125)). Calculate the remainder when 46 is divided by k(d).
14
Suppose 0*t = -6*t + 186. Let f(p) = p**3 - 5*p**2 + 3. Let l be f(5). Calculate the remainder when t is divided by 6*l/(4 - 3).
13
Suppose -5*d = 2*i + 17, -2*d = -i + 3*d + 29. Suppose -6 = -k + 3. Suppose -k = -x - 0. What is the remainder when x is divided by i?
1
Calculate the remainder when (45/27)/((-25)/(-4635)) is divided by 65.
49
Let d(y) = 12*y + 3. Suppose 4*w + 7 = -3*a, -w = -0*a + 4*a + 18. Calculate the remainder when 107 is divided by d(w).
26
Let h = 5 - 3. Suppose v + 2*v - 4*p = 23, h*p - 73 = -5*v. What is the remainder when 1/((-3)/(-3))*v is divided by 7?
6
Let r(s) = 64*s**2 + 3. What is the remainder when r(2) is divided by 19?
12
What is the remainder when (-7)/2*27*80/(-30) is divided by 29?
20
Let y(u) = 6*u**2 - 282*u + 23. What is the remainder when 91 is divided by y(47)?
22
Let a(s) = 11*s**2 + 6*s + 7. Let o be a(-1). Suppose 3*w + o = -4*q + 65, 0 = 3*q + 4*w - 31. Calculate the remainder when q is divided by 3/1 - -1*1.
1
Let a = -4 - -13. Let x = -715 + 729. What is the remainder when x i